at is (18 - 13 - (-3 + 7) - -12) + -3?
10
Calculate -20 + (-3 - -2) + -4 + 7 + 4.
-14
-9 + -1 + (2 - -9) + -8 + -2
-9
Evaluate -29 + 50 + -22 - (-2 - 1).
2
What is the value of -15 + 18 - (-2 - -4) - -1?
2
9 + -8 + -1 + -5 + 2
-3
((2 - -7) + -23 - -9) + (13 - 5)
3
8 + (21 - 12 - (12 - -1))
4
63 - 9 - (78 - 59)
35
What is the value of -27 - -21 - (-1 + 3 + -2)?
-6
Calculate -17 + (21 - (14 + -7)).
-3
What is 18 - (-24 - -46) - (-2 - 0)?
-2
What is -6 - -7 - (24 + -10)?
-13
What is the value of (9 - (-6 + 7)) + 3?
11
(-11 - -9) + (-18 - -11)
-9
What is 4 - (-6 + (25 - 9))?
-6
What is -9 - (-20 + 9 - -22)?
-20
Calculate 15 - (-1 + 10 + -4) - (-43 - -87).
-34
Calculate (24 - 19) + (0 - (0 + 0)).
5
Calculate -30 + 13 - (-20 - 9).
12
What is 23 + -12 + -5 - (-3 + (2 - -8))?
-1
16 + 3 + -8 + (0 + -4 - -3)
10
What is the value of (16 - (-14 - -16)) + -14?
0
3 + 8 + (-28 - -18) + -16
-15
Evaluate -5 - (2 + 5 + (-39 - -11) + 15).
1
What is the value of 32 + (20 - 90) - -50?
12
Calculate -3 + -22 - -3 - (-523 + 526).
-25
(11 - (-3 + (-1 - -3))) + 6
18
Calculate (1 - -14) + 178 + -200.
-7
What is the value of (15 - 24 - 9) + 14?
-4
Evaluate 38 - ((21 - 3) + 0 + -6).
26
Calculate -4 + -12 + -42 + 44.
-14
What is the value of -14 - (-14 + 16 + -6)?
-10
Evaluate (2 - -2) + (0 - -1) + 0 + -16.
-11
What is (-12 + 0 - -4 - 11) + 4?
-15
What is -7 - (-4 - -1) - 7?
-11
Calculate (-12 - -2 - -2) + 12 + -13 + -6.
-15
What is the value of 4 + (-6 - (-8 - (-27 + 9)))?
-12
Calculate (107 - 45) + -66 + 22 + 0 + 0.
18
What is 2 + 0 - (-1 + -19 + 22) - -3?
3
Evaluate 5 - (17 + (0 - 2) - (-6 + 6)).
-10
(6 - 0) + (-73 - -53 - -35)
21
Evaluate 8 - (12 + -1 + -7) - (2 + -11).
13
What is (-8 - (-18 + 51)) + 12?
-29
Evaluate 0 + 11 + 83 + -89 - -7.
12
Calculate 28 - 13 - 14 - -12 - 10.
3
Evaluate -5 - 2 - (6 - (-4 + (2 - -6))).
-9
Evaluate (0 - -4 - 0 - 7) + -4.
-7
Evaluate (-2 - -17) + -3 + -3.
9
What is -48 + 42 + -1 + (0 - (2 - 1))?
-8
What is the value of 20 + -6 + -9 - -1?
6
What is 8 + -29 + 19 - -8?
6
Evaluate -191 - -203 - ((-3 - 0) + 17).
-2
What is the value of 4 + 6 + -17 + -3 + 8?
-2
What is the value of 18 - (18 - 14 - -14) - (-1 + 19)?
-18
58 - (-36 + 87) - (-3 - -1 - -6)
3
Calculate -1 + 7 - (18 + 1 + -2 + -17).
6
-12 + 7 + 0 + (34 - -4)
33
Calculate (-35 - (12 - 29)) + 14.
-4
Evaluate 13 + -10 + (-8 - (5 + -11)).
1
(21 - 17) + (4 - (-1 + -2 + 3))
8
-62 + 49 - (-10 + -1 - 2)
0
What is the value of -1 + -5 + (21 - 16 - 10)?
-11
What is (119 - 113) + -5 + (0 - -2)?
3
Calculate -45 + 28 + (-3 - (-9 + -2)).
-9
What is (13 - (-3 - -27)) + (10 - -1)?
0
-2 + (1 - -2 - (81 + -67))
-13
Evaluate 21 + -23 + (32 - 58).
-28
Evaluate -7 + 11 + (4 - 9).
-1
3 + 0 + -27 + -3 + 58 + -59
-28
What is 80 + -84 + (0 - 9) + 9?
-4
10 + (1 - -3 - 10)
4
What is the value of 13 + 7 + -15 - 8?
-3
Evaluate -1 + -20 + 20 + -27 - (1 - 8).
-21
Evaluate -4 - ((4 - 10 - 4) + -4).
10
-28 - (10 - 29) - (-3 - -10)
-16
What is (11 + (-3 - -2) + -4 - 16) + 6?
-4
(-12 - (-5 - -1)) + (0 - 3)
-11
(6 - -2) + (-17 - (5 + -14))
0
What is the value of 41 - (21 - (2 + 9 + -7))?
24
Calculate -6 + (14 - 3) - 4 - (1 + -6).
6
Evaluate -22 + 7 - (-7 + 7 + (-1 - 4)).
-10
What is the value of 9 - (31 - (9 + (5 - 7)))?
-15
Calculate -8 + -1 + 15 + -12.
-6
What is the value of (12 - (6 - 7 - 12)) + -13?
12
(-14 - -25 - 5) + (4 - -2)
12
Calculate -13 - (26 + 17 + -30).
-26
What is 9 + (12 - 8) - 17?
-4
Calculate 10 - 10 - (1 - 9).
8
What is the value of (-9 - 11) + (3 - -32)?
15
Evaluate (-17 - -11 - 0) + 1.
-5
(-4 - (8 - 5)) + 0 + 1 - 0
-6
What is the value of 8 + (0 - 0) - (75 + -26 - 28)?
-13
What is the value of (-3 - -2) + -5 + 14 - (-8 + 0)?
16
(23 + -58 - (4 + -3 + -10)) + 2
-24
Calculate -24 - 4 - -19 - -39.
30
What is the value of 2 + 17 - ((13 - 3) + -61 + 42)?
28
What is the value of 35 + (-8 - 1) + (11 - (27 + -13))?
23
What is the value of 2 - (5 + 2) - (-4 + (-15 - -12))?
2
What is (6 - (17 + -5)) + (-5 - -6) + 5?
0
Evaluate -6 + (14 + -3 - (-25 - -23)).
7
Evaluate -51 + 35 + (3 - (-5 + -2 + 5)).
-11
Calculate 15 + (-6 - (7 + -11)) + 2 + 4.
19
What is the value of -8 - 5 - (-9 + -5)?
1
Calculate (26 - 23) + 2 + -41 + 8.
-28
Calculate 4 - (-7 - -5) - (-45 - -39).
12
Calculate -1 - -21 - 17 - 10 - -28.
21
Calculate 3 - 4 - (-4 + -11 - -7 - -6).
1
Calculate (-19 - (3 + -19) - 39) + 6.
-36
What is the value of (5 + 6 - 13 - 9) + 2?
-9
3 + 1 - (-4 - (-6 - 1))
1
Evaluate -20 - (-51 - (-4 - 11)).
16
-19 + 4 + (-49 - -63)
-1
What is 4 + 11 + (0 - 12) + 8?
11
What is the value of 1 - 1 - ((-4 - (13 + -5)) + 7)?
5
Calculate 20 - 5 - (-33 - -46).
2
What is 2 - (4 + 40 + -35 + -3 + -1)?
-3
What is 14 - (-3 + 27 - 14)?
4
-32 + 1 - (-29 - (-91 + 65))
-28
Evaluate -13 - (-3 - -10 - 32).
12
-4 + -17 - -9 - (-20 + 12)
-4
What is the value of -8 + (1 - -8 - ((2 - 5) + 8))?
-4
(0 - (-1 + 3)) + 3 + 70 + -63
8
(6 - -2) + (-20 - (-15 - -5))
-2
What is 17 - (-34 + 18 + 41)?
-8
Calculate 18 - (4 + 3 + -2 + 32).
-19
What is -18 - -7 - (-2 - (3 + -4))?
-10
What is the value of -7 + 5 + -33 + 17?
-18
Calculate (-16 - -1) + -3 + -33 + 37.
-14
Calculate (9 - (4 + 1)) + (-22 - -9).
-9
What is -2 + 2 + (-12 - -14) + -12 + -1?
-11
What is the value of (21 - -2) + (60 - 74)?
9
Calculate 0 - -4 - (-43 + 47) - -9.
9
What is -573 + 565 + (-2 + 2 - -3)?
-5
Calculate -2 + -8 + (-14 + 46 - 23).
-1
Evaluate (12 - 15 - 9) + 2.
-10
What is the value of 5 + (17 - 36) + 33?
19
Evaluate -9 - (-8 + 5 + 4).
-10
-13 + 34 + -10 - (0 + 31)
-20
3 - (22 + -4 - (-6 - (-9 - -7)))
-19
Evaluate (-9 - (10 - 11)) + (1 + 1 - -31).
25
Calculate 14 - 13 - 35 - -11.
-23
What is the value of (9 - 37) + 15 + -1?
-14
Evaluate -8 + 12 + -4 + 1.
1
What is the value of (0 - -2 - 12) + 17 + -10 + -17?
-20
Calculate 1 + (-6 + -2 - -11) - 4.
0
What is -14 - 0 - (-8 - 2)?
-4
Calculate 19 - 3 - (-4 + 9) - -1.
12
What is the value of 4 - ((-6 - -5) + (-4 - -9)) - -2?
2
What is the value of (-18 - (7 - -3)) + 16?
-12
21 + 0 + -545 + 515
-9
What is (15 - 16) + -32 - -39?
6
What is (0 - -21 - 16) + -3?
2
What is -24 + (9 - (-35 - -40))?
-20
What is the value of -9 + (14 - 30) + 32?
7
What is the value of -6 + 10 + -20 + (5 + -1 - -2)?
-10
Calculate (-1315 - -1297) + -9 + -3 + 0 + 2.
-28
What is the value of 20 + (-1 - 14) - (3 - (-2 + -9))?
-9
What is (-35 + 62 - 18) + (-1 - 2)?
6
Evaluate (7 - (-31 - (12 + -15))) + (1 - 1).
35
Calculate (13 - 4) + 12 - 5.
16
What is the value of (29 - 12) + -14 + 3?
6
Evaluate -5 - (11 - (-13 + 41 + -13)).
-1
What is -5 + 11 + (5 - (-5 - -9)) + -42?
-35
Calculate 16 + -27 - -14 - -5.
8
What is 23 + -6 - 7 - -3?
13
What is -4 - (-9 + (16 - 4) + -6)?
-1
What is the value of (12 - (13 + (4 - 15))) + (-2 - 23)?
-15
What is the value of 34 + (37 - 55) + -48?
-32
(-18 - (2 + -14)) + 12
6
What is (5 + -9 - -8) + (7 - 2 - 1)?
8
Evaluate -7 - -7 - ((0 - (7 + -14)) + -34).
27
(-10520 - -10510) + (-1 - 7) + 0 + -1
-19
Calculate 13 - (-19 + 42 + -25).
15
What is the value of -10 - -2 - (-13 + (33 - 15)) - 0?
-13
What is -6 + (-23 - -6) - -16?
-7
Evaluate 2 + -9 - (103 - 105).
-5
What is the value of 29 - (-13 - (10 + -40))?
12
Evaluate 1 + -9 + 2 - -19.
13
What is (0 - 4) + -11 + 12?
-3
Evaluate 3 - -9 - -2 - 2 - (-2 + 0).
14
Evaluate -4 + 30 - (11 + 25).
-10
What is the value of 10 - (7 + -22 + 21)?
4
What is (-2 - (4 + (-4 - (-12 + 3)))) + -8?
-19
-4 + -12 + (-4 - (-7 - -4) - -5)
-12
Evaluate -16 - ((-42 - (-26 - -18)) + 2).
16
What is the value of 1 - (0 + 0) - (-55 - -65 - 9)?
0
Evaluate -1 + -5 - (13 - -7 - (4 + 9)).
-13
What is 30 + 32 + (26 - 62)?
26
What is the value of 11 - (-3 + 0 - -12)?
2
Calculate 1 - -2 - (-28 - -19 - -22).
-10
Evaluate (1 - -1) + 5 + -3 + -215 + 213.
2
Evaluate (-626 - -625) + 26 + -1.
24
Evaluate -1 + 5 + -1 + -58 + 27 + 14.
-14
(-8 - -1) + (-42 - 18 - -53)
-14
What is the value of 0 + (3 - 2) + -15 + 4?
-10
(1 - 0) + -8 - (28 + -21 + -22)
8
Calculate (8 - -11) + -33 + -3.
-17
182 - 200 - (-2 - 22)
6
Calculate (264 - 255) + 3 + -14 + -3.
-5
What is -12 - (7 + (-13 - -7) + -4)?
-9
Calculate 16 + 3 - (68 + -58).
9
-10 - -27 - (46 - 15)
-14
What is the value of 1 + (1 - 0) - (34 - 12)?
-20
Calculate 3 - 10 - -6 - 8.
-9
What is the value of (-4 - -9) + -6 - (-4 - 1)?
4
What is the value of 8 + -1 + (-26 - (11 - (15 + -6)))?